
False
Does 612 divide 2893107?
False
Does 5 divide 4767?
False
Is 1433828 a multiple of 80?
False
Is 161 a factor of 328319?
False
Is 16 a factor of 896064?
True
Does 59 divide 750145?
False
Is 32 a factor of 689814?
False
Is 7146970 a multiple of 34?
True
Is 60665 a multiple of 22?
False
Is 336952 a multiple of 616?
True
Is 118 a factor of 446394?
True
Is 167 a factor of 125417?
True
Does 138 divide 58650?
True
Is 253 a factor of 7609599?
False
Does 73 divide 9944615?
False
Is 77 a factor of 3316315?
False
Is 167916 a multiple of 5?
False
Does 4 divide 44078?
False
Is 263932 a multiple of 365?
False
Is 5260705 a multiple of 1144?
False
Is 5 a factor of 141989?
False
Is 979680 a multiple of 1248?
True
Is 34 a factor of 151504?
True
Is 356825 a multiple of 35?
True
Is 16402603 a multiple of 493?
True
Is 156156 a multiple of 21?
True
Is 145 a factor of 291441?
False
Is 10068149 a multiple of 19?
False
Is 450366 a multiple of 367?
False
Is 9 a factor of 45747?
True
Is 83 a factor of 1094389?
False
Is 403524 a multiple of 132?
True
Does 207 divide 209537?
False
Does 143 divide 21593?
True
Does 848 divide 497776?
True
Is 52 a factor of 15424604?
True
Is 12 a factor of 52140?
True
Is 10 a factor of 7207500?
True
Does 39 divide 304551?
True
Is 1201259 a multiple of 41?
True
Does 129 divide 47988?
True
Is 1747233 a multiple of 329?
False
Is 60 a factor of 391051?
False
Does 354 divide 158946?
True
Is 305 a factor of 814655?
True
Is 262 a factor of 8743960?
False
Does 39 divide 9033063?
True
Does 122 divide 988322?
True
Is 23463 a multiple of 297?
True
Does 21 divide 154644?
True
Is 15 a factor of 1474617?
False
Is 72 a factor of 395496?
True
Is 8 a factor of 10396624?
True
Is 1606696 a multiple of 728?
True
Is 88 a factor of 1221000?
True
Is 129 a factor of 106142?
False
Is 14 a factor of 107450?
True
Is 626980 a multiple of 290?
True
Is 6 a factor of 1304037?
False
Is 310 a factor of 902551?
False
Is 148920 a multiple of 90?
False
Is 5259040 a multiple of 113?
False
Is 589126 a multiple of 21?
False
Is 844 a factor of 4655504?
True
Is 39341 a multiple of 74?
False
Is 136 a factor of 1186101?
False
Does 27 divide 1285407?
False
Does 46 divide 40572?
True
Does 56 divide 100498?
False
Does 231 divide 2147120?
False
Is 14 a factor of 25887?
False
Is 295 a factor of 156866?
False
Is 51 a factor of 307454?
False
Is 8508816 a multiple of 144?
True
Is 60 a factor of 120089?
False
Is 254 a factor of 84328?
True
Does 3 divide 1044240?
True
Is 17 a factor of 3855539?
False
Is 5615727 a multiple of 292?
False
Is 20 a factor of 8380?
True
Is 35 a factor of 26180?
True
Is 463223 a multiple of 23?
False
Is 124 a factor of 501790?
False
Is 397 a factor of 383968?
False
Is 13 a factor of 2295379?
False
Does 27 divide 173572?
False
Is 74 a factor of 14363104?
True
Is 94116 a multiple of 186?
True
Is 14120 a multiple of 9?
False
Is 6900872 a multiple of 11?
True
Is 29 a factor of 45037?
True
Is 121 a factor of 11322183?
False
Is 975 a multiple of 10?
False
Is 18 a factor of 7207450?
False
Does 504 divide 7617456?
True
Is 493 a factor of 749853?
True
Is 63 a factor of 917076?
False
Is 414953 a multiple of 187?
True
Is 298 a factor of 311112?
True
Does 25 divide 73325?
True
Is 5 a factor of 5380?
True
Does 28 divide 1312332?
True
Is 1220175 a multiple of 493?
True
Does 45 divide 432739?
False
Is 209 a factor of 50996?
True
Does 491 divide 4059097?
True
Is 24 a factor of 81420?
False
Is 4 a factor of 5476?
True
Is 15 a factor of 275035?
False
Does 3 divide 411895?
False
Is 218 a factor of 172874?
True
Does 52 divide 143624?
True
Is 12 a factor of 359659?
False
Is 34 a factor of 815932?
True
Does 27 divide 918108?
True
Does 10 divide 950694?
False
Does 138 divide 8843449?
False
Is 19 a factor of 59337?
True
Is 354825 a multiple of 415?
True
Is 64 a factor of 68032?
True
Is 31 a factor of 1213989?
False
Is 8446 a multiple of 13?
False
Does 8 divide 4914179?
False
Does 19 divide 199120?
True
Is 4879518 a multiple of 49?
True
Is 25585423 a multiple of 136?
False
Is 19 a factor of 29526?
True
Is 35 a factor of 840?
True
Is 650744 a multiple of 4?
True
Is 53312 a multiple of 476?
True
Is 5 a factor of 251230?
True
Is 1956791 a multiple of 54?
False
Does 18 divide 186908?
False
Is 1318 a factor of 9704196?
False
Is 557 a factor of 2064531?
False
Is 279 a factor of 1631473?
False
Does 32 divide 543269?
False
Does 267 divide 533733?
True
Does 26 divide 1320384?
True
Is 20107872 a multiple of 74?
True
Is 59 a factor of 392173?
True
Is 3 a factor of 104102?
False
Is 17 a factor of 57392?
True
Does 17 divide 177576?
False
Is 115 a factor of 283313?
False
Does 112 divide 5230512?
True
Is 1932543 a multiple of 9?
True
Is 19424 a multiple of 16?
True
Is 29 a factor of 11658?
True
Is 402758 a multiple of 69?
False
Is 497240 a multiple of 106?
False
Is 12 a factor of 182388?
True
Is 276 a factor of 154523?
False
Is 2590592 a multiple of 148?
True
Is 22 a factor of 417580?
False
Is 3221038 a multiple of 50?
False
Is 7395822 a multiple of 1106?
True
Does 1418 divide 3913285?
False
Is 12 a factor of 129044?
False
Is 70 a factor of 1378650?
True
Is 132300 a multiple of 459?
False
Is 17 a factor of 762804?
False
Is 369873 a multiple of 19?
True
Does 3 divide 9486?
True
Is 234629 a multiple of 4?
False
Does 16 divide 231264?
True
Is 12 a factor of 1058724?
True
Is 54 a factor of 52183?
False
Is 19 a factor of 20318?
False
Is 7 a factor of 567482?
False
Does 89 divide 401246?
False
Is 13 a factor of 8837906?
False
Is 239745 a multiple of 55?
True
Is 87 a factor of 65413?
False
Does 32 divide 581472?
True
Is 29 a factor of 2101942?
False
Is 351518 a multiple of 85?
False
Is 1759725 a multiple of 9?
True
Is 108872 a multiple of 248?
True
Is 105672 a multiple of 102?
True
Is 1471432 a multiple of 20?
False
Is 498200 a multiple of 9?
False
Does 322 divide 1891742?
False
Is 8 a factor of 189824?
True
Is 170240 a multiple of 95?
True
Is 94 a factor of 1274640?
True
Does 758 divide 1694888?
True
Is 36 a factor of 12540815?
False
Does 3 divide 53635?
False
Does 19 divide 86393?
True
Is 34 a factor of 8858326?
True
Is 18 a factor of 58458?
False
Does 3 divide 70680?
True
Does 959 divide 4176445?
True
Is 261 a factor of 1679724?
False
Is 173 a factor of 463077?
False
Does 19 divide 11701742?
False
Is 19 a factor of 127591?
False
Does 27 divide 463268?
False
Is 23 a factor of 184115?
True
Does 16 divide 11456?
True
Is 44 a factor of 274411?
False
Is 38358 a multiple of 8?
False
Does 4 divide 554397?
False
Is 87232 a multiple of 116?
True
Does 175 divide 1158895?
False
Is 65 a factor of 92838?
False
Does 130 divide 30455?
False
Is 107478 a multiple of 18?
True
Does 9 divide 12251719?
False
Is 465 a factor of 603505?
False
Is 39 a factor of 3742089?
True
Is 576 a multiple of 192?
True
Does 316 divide 112468?
False
Is 85086 a multiple of 9?
True
Is 333 a factor of 64602?
True
Is 4 a factor of 4967628?
True
Is 21 a factor of 6448827?
True
Is 1876117 a multiple of 19?
True
Does 23 divide 439990?
True
Is 92 a factor of 1879928?
True
Does 12 divide 248988?
True
Is 421828 a multiple of 76?
False
Is 617 a factor of 245675?
False
Is 79910 a multiple of 170?
False
Is 2382412 a multiple of 130?
False
Is 5 a factor of 1064500?
True
Is 319 a factor of 45617?
True
Does 19 divide 875654?
False
Is 1249018 a multiple of 70?
False
Does 292 divide 258128?
True
Is 3959927 a multiple of 7?
False
Is 61001 a multiple of 16?
False
Is 6386868 a multiple of 97?
True
Does 9 divide 1267578?
True
Does 55 divide 836385?
True
Is 113790 a multiple of 336?
False
Does 6 divide 51222?
True
Is 313009 a multiple of 557?
False
Is 27031061 a multiple of 231?
False
Is 8174 a multiple of 61?
True
Is 4 a factor of 36952?
True
Does 5 divide 1618755?
True
Is 13430736 a multiple of 556?
True
Is 19376150 a multiple of 12?
False
Is 120 a factor of 1153794?
False
Is 1706 a factor of 33978402?
True
Is 16 a factor of 3021856?
True
Is 9312654 a multiple of 26?
True
Is 15 a factor of 20010?
True
Is 355493 a multiple of 13?
False
Does 221 divide 2428158?
False
Does 38 divide 164801?
False
Is 122 a factor of 227286?
True
Is 337406 a multiple of 251?
False
Is 68328 a multiple of 18?
True
Is 348349 a multiple of 18?
False
Is 43 a factor of 7403439?
True
Is